j, -3*t = 12. Suppose -4*k + 5*k = 63. What is the highest common factor of j and k?
9
Suppose 0 = -66*u + 35*u + 47089. Calculate the highest common factor of u and 31.
31
Suppose -62*f - 27 = -65*f. What is the greatest common factor of f and 1?
1
Suppose -2*x = 42 + 18. Let w = -1 + 2. Let g be (-10)/x*w*15. Calculate the greatest common divisor of g and 55.
5
Let b = 269 - 255. Calculate the greatest common factor of 4 and b.
2
Suppose -4*t - 9 = -t, 0 = -5*k - t + 97. What is the greatest common factor of k and 5?
5
Let d(i) = -52*i + 270. Let y be d(-22). What is the highest common factor of 7 and y?
7
Suppose l = 2*l + 2. Let h be l/3 - 749/(-21). What is the greatest common factor of 140 and h?
35
Suppose 0 = -31*n + 126 - 2. Calculate the highest common factor of 92 and n.
4
Let d(o) = -o**3 - 5*o**2 - 7*o - 5. Let h be d(-4). Let s(a) = a + 1. Let i be s(6). What is the highest common divisor of i and h?
7
Suppose -2 = -3*m + 4. Let b(z) = 2*z**m + 6 - 7 + 3*z**3 + 2*z**3 + 19*z**3. Let q be b(1). Calculate the greatest common factor of 10 and q.
5
Let n = -193 + 274. What is the highest common factor of 1053 and n?
81
Suppose -3*t + 5*r + 232 = 80, 3*t + 2*r - 187 = 0. Suppose 3*d + d = -c + t, -1 = c. Calculate the greatest common divisor of d and 105.
15
Let h be ((-1020)/(16/(-4)))/1. Suppose -2*g + 5*g - 225 = 0. Suppose -h = -4*p - g. Calculate the greatest common divisor of 18 and p.
9
Suppose -2*t - 36 = -3*t. Suppose 18*a + 2296 = 32*a. Let m = a - 140. Calculate the highest common divisor of t and m.
12
Suppose -18*k = -88 - 56. Let i(b) = -b**3 + 7*b**2 + 6. Let h be i(5). What is the greatest common factor of h and k?
8
Let p(c) be the third derivative of -c**5/60 + c**4/4 + c**3/2 - 3*c**2. Let a be p(6). Let f be 407/55 + a/5. What is the highest common divisor of f and 88?
8
Suppose -53 = 4*j - h - 163, 4*h = -3*j + 92. What is the greatest common factor of 12 and j?
4
Suppose -3*t = 13*t - 80. What is the greatest common factor of 45 and t?
5
Suppose f - 3*y - 13 = 0, -f - 2 = -2*y - 20. What is the greatest common factor of 4 and f?
4
Let a = -65 + 92. Let i be (-1)/1 - (-224)/8. What is the greatest common divisor of a and i?
27
Suppose -4*x = -207 - 81. Suppose 0 = 5*k - 2*a - 74, 0 = 2*k - a - 15 - 15. Let v = k - -4. What is the highest common divisor of v and x?
18
Let f = 93 + -89. Let o = 19 + -13. What is the highest common divisor of o and f?
2
Let z = -1282 - -1482. Calculate the highest common factor of z and 40.
40
Suppose 22*b = 24*b - 40. Suppose 0 = 6*d - 200 + b. Calculate the highest common divisor of d and 10.
10
Let k(v) = v**3 + 6*v**2 + 3*v. Let j be k(-2). Let w(t) = -3*t + j*t - 3 - t**2 + 2*t + 0*t. Let b be w(7). Calculate the greatest common factor of b and 77.
11
Suppose 2*k = -2*j - j + 2, 0 = -4*k + 4*j + 24. Let b = 32 - k. What is the highest common divisor of 252 and b?
28
Suppose -357 = -5*t + 723. Calculate the highest common divisor of t and 8.
8
Let q = 111 + -76. Calculate the greatest common factor of 245 and q.
35
Suppose 5*l - 20 = 0, 6 - 2 = -y + 4*l. Let c(i) = i**2 + 15*i + 43. Let d be c(-5). Let q = y + d. What is the greatest common divisor of 55 and q?
5
Suppose -4*g - 406 = -7*y + 6*y, -3*g + 2007 = 5*y. What is the greatest common divisor of y and 1072?
134
Suppose 9*k = 4*k + 260. Let t(b) = -b**3 - 4*b**2 + 14*b - 23. Let g be t(-7). What is the highest common factor of g and k?
26
Let o(s) = -83*s + 14. Let z be o(-2). Calculate the greatest common factor of z and 108.
36
Let j = 1369 + -1365. What is the greatest common divisor of j and 44?
4
Suppose 27*z - 12*z = 225. What is the greatest common factor of 795 and z?
15
Let t(d) = -3*d + 29. Let r be t(6). Let x(u) = 0*u - 4*u - 3*u - 10 + u. Let a be x(-9). Calculate the greatest common factor of a and r.
11
Let o = 385 - 249. What is the highest common factor of o and 34?
34
Suppose 4*j - 15 = -m, -8 = -5*j - 2*m + 7. What is the highest common factor of j and 35?
5
Suppose 0*z = 4*v + 2*z - 6, -5*v - 4*z = -3. Suppose 15 = v*i - 24. Let b be ((-1950)/i)/(3/(-2)). Calculate the highest common factor of 25 and b.
25
Let v = -156 + 227. What is the highest common divisor of v and 71?
71
Suppose -3*j + 20 = 8. Suppose -2*y = 5 - 3, j*b = 5*y + 241. Suppose -3*t + 356 = b. What is the highest common factor of t and 11?
11
Suppose 0 = -5*q - 3*h + 5605, 0 = -6*q + 2*q - 3*h + 4484. Calculate the highest common divisor of q and 38.
19
Suppose 0 = -4*j - 73 - 3. Let v = j + 9. Let d be (-5)/(-8)*v*-12. Calculate the greatest common factor of 15 and d.
15
Suppose -4*b = -3*q - 0*b + 49, -q = 2*b - 13. Suppose 3*o - q = -2*o. Suppose o*f - 2 = 28. What is the highest common factor of f and 4?
2
Let n be (-24)/(-228) + 460/(-38). Let t = 13 + n. Let r = t - -13. What is the greatest common factor of r and 28?
14
Let q(b) = 4*b + 21. Let w be q(-6). Let h be w/(-15) - (9/(-5) - 1). Calculate the greatest common factor of 21 and h.
3
Suppose -2*u - 2*q + 6 = -3*q, 4*u = -2*q - 4. Let a be (-8)/(3/(-30)*u). Calculate the highest common factor of a and 32.
16
Let z = -4 + 18. Let g be (2 - z)/(3/2). Let r be (-24)/(-14)*(-84)/g. Calculate the highest common factor of 18 and r.
18
Suppose -17 = 106*k - 107*k. Let a(c) = -c - 14. Let g be a(-9). Let p(i) = 4*i**2 + 5*i - 7. Let j be p(g). What is the greatest common factor of j and k?
17
Let s(w) = 98*w + 128. Let j be s(0). Calculate the highest common factor of 4 and j.
4
Suppose i + 2 - 3 = 0. Let v be (5/(-1))/i*-18. Suppose -7*l + 4*l = -30. Calculate the highest common divisor of l and v.
10
Suppose -2*a + 4 = -12. Suppose r + 3*p = a*p - 5, -r + p = -3. Let b(m) = -m**2 - 13*m + 3. Let g be b(-11). What is the greatest common divisor of g and r?
5
Let o(n) = n - 4. Let d be o(8). Suppose -11*x + d*x = -70. Suppose 9*b + 6 = x*b. What is the greatest common factor of 6 and b?
6
Let d be -3 + 4 - (1 - (2 + 3)). Suppose 8*x - 253 + 53 = 0. Calculate the greatest common divisor of x and d.
5
Let g(b) = b**3 + 14*b**2 - b - 14. Let s be g(-14). Let q be -2 + (7 - 3) - s. Let h be (-17 - (-3)/3)/(-1). Calculate the greatest common factor of q and h.
2
Let m be (-3)/(18/(-1554)) + 0/(-1). What is the highest common divisor of 185 and m?
37
Suppose -4*q = 2*c - 3*q, -c + q = 0. Suppose 4*s - 90 = -2*d, 4*s - 2*d - 56 - 30 = c. Let g = 9 + 79. What is the highest common factor of s and g?
22
Let p be 83 + (-1 - 10/(-5)). Let b = -215 - -243. What is the greatest common divisor of b and p?
28
Let v = -107 - -124. What is the highest common divisor of 17 and v?
17
Let q = 6 + -5. Suppose -4*s + 13 = q. Let b be (1 - (1 + -93)) + s. What is the highest common factor of 16 and b?
16
Let v(m) = m**3 - m**2 - m - 1. Let q be v(0). Let r be q/(-2 - (-69)/36). Let d be 4/(-12)*((-20)/(-4) - 77). What is the highest common divisor of d and r?
12
Let w(x) = -x**2 + 9*x - 6. Let q be w(5). Suppose 4*f = f - 3*s + 21, -f = -s + 3. Suppose -6*a = -f*a - 616. Calculate the greatest common factor of q and a.
14
Suppose -105 = -114*h + 113*h. What is the greatest common factor of h and 24?
3
Let m(s) = 9*s**3 + 2*s**2 - 1. Let t be m(-1). Let a = t + 10. Suppose 0 = y + a*j - 37, -2*y + 69 = -2*j + 1. What is the greatest common factor of y and 7?
7
Let d = -4 + 14. Let k = 8 - 7. Suppose s + k = 3. What is the highest common factor of d and s?
2
Let h(l) = 4*l - 20. Let i be h(12). Suppose u - i + 0 = 0. Suppose 0 = -x - q + 5, 0*q + 2*q = -4. Calculate the highest common factor of u and x.
7
Suppose 0 = 4*i - 5*q + 4 - 163, 2*q + 186 = 5*i. What is the greatest common factor of i and 54?
18
Let k be (-44330)/(-990) - 2/(-9). Let x(c) = -3*c - 9. Let q be x(-9). Calculate the highest common divisor of k and q.
9
Suppose 66*m - 12*m = 3834. Calculate the greatest common divisor of 6 and m.
1
Let o(p) = -p**3 - 17*p**2 - 30*p + 16. Let s be o(-15). Let h(f) = -f**3 - 5*f**2 - 4*f + 4. Let n be h(-4). Calculate the greatest common divisor of n and s.
4
Let b be (-2)/(-10) - (-1436)/20. What is the greatest common divisor of b and 168?
24
Let r be ((-43)/(-258))/(4/54)*4. Calculate the highest common divisor of 9 and r.
9
Suppose -23 + 8 = -k - s, -33 = -2*k - s. Let g = -224 + 471. Let f = g -